12
Calculate the remainder when 3558 is divided by 20.
18
What is the remainder when 241 is divided by 16?
1
Calculate the remainder when 18744 is divided by 218.
214
Calculate the remainder when 131 is divided by 30.
11
Calculate the remainder when 234 is divided by 25.
9
What is the remainder when 304 is divided by 102?
100
What is the remainder when 1022 is divided by 41?
38
Calculate the remainder when 478 is divided by 471.
7
What is the remainder when 834 is divided by 22?
20
Calculate the remainder when 6572 is divided by 19.
17
Calculate the remainder when 40 is divided by 21.
19
What is the remainder when 373 is divided by 16?
5
Calculate the remainder when 5213 is divided by 87.
80
What is the remainder when 106 is divided by 12?
10
Calculate the remainder when 463 is divided by 66.
1
What is the remainder when 808 is divided by 27?
25
What is the remainder when 129 is divided by 27?
21
Calculate the remainder when 114 is divided by 21.
9
Calculate the remainder when 5247 is divided by 164.
163
Calculate the remainder when 1633 is divided by 109.
107
Calculate the remainder when 105 is divided by 22.
17
Calculate the remainder when 266 is divided by 56.
42
Calculate the remainder when 2384 is divided by 21.
11
Calculate the remainder when 482 is divided by 244.
238
What is the remainder when 389 is divided by 126?
11
Calculate the remainder when 185 is divided by 184.
1
Calculate the remainder when 266 is divided by 115.
36
What is the remainder when 6034 is divided by 10?
4
What is the remainder when 9029 is divided by 21?
20
Calculate the remainder when 1142 is divided by 383.
376
What is the remainder when 587 is divided by 98?
97
What is the remainder when 300 is divided by 292?
8
What is the remainder when 140 is divided by 40?
20
Calculate the remainder when 629 is divided by 8.
5
What is the remainder when 69 is divided by 64?
5
Calculate the remainder when 1112 is divided by 52.
20
What is the remainder when 1786 is divided by 80?
26
Calculate the remainder when 1086 is divided by 11.
8
What is the remainder when 185 is divided by 14?
3
Calculate the remainder when 296 is divided by 12.
8
What is the remainder when 753 is divided by 33?
27
What is the remainder when 12 is divided by 1?
0
Calculate the remainder when 27 is divided by 14.
13
Calculate the remainder when 603 is divided by 169.
96
What is the remainder when 2065 is divided by 94?
91
Calculate the remainder when 190 is divided by 51.
37
Calculate the remainder when 239 is divided by 103.
33
Calculate the remainder when 504 is divided by 162.
18
Calculate the remainder when 1124 is divided by 49.
46
Calculate the remainder when 173 is divided by 35.
33
What is the remainder when 1192 is divided by 23?
19
What is the remainder when 4975 is divided by 38?
35
What is the remainder when 705 is divided by 114?
21
What is the remainder when 105 is divided by 58?
47
What is the remainder when 230 is divided by 11?
10
Calculate the remainder when 107 is divided by 39.
29
What is the remainder when 663 is divided by 323?
17
Calculate the remainder when 1769 is divided by 118.
117
Calculate the remainder when 856 is divided by 65.
11
What is the remainder when 2179 is divided by 157?
138
What is the remainder when 139 is divided by 5?
4
What is the remainder when 194 is divided by 67?
60
Calculate the remainder when 185 is divided by 63.
59
What is the remainder when 632 is divided by 9?
2
Calculate the remainder when 276 is divided by 91.
3
What is the remainder when 44 is divided by 31?
13
Calculate the remainder when 82 is divided by 5.
2
What is the remainder when 98 is divided by 91?
7
What is the remainder when 87 is divided by 19?
11
What is the remainder when 148 is divided by 6?
4
What is the remainder when 3148 is divided by 55?
13
What is the remainder when 460 is divided by 29?
25
What is the remainder when 287 is divided by 88?
23
What is the remainder when 88 is divided by 5?
3
What is the remainder when 762 is divided by 55?
47
Calculate the remainder when 333 is divided by 67.
65
What is the remainder when 209 is divided by 15?
14
Calculate the remainder when 58 is divided by 33.
25
What is the remainder when 214 is divided by 77?
60
What is the remainder when 4976 is divided by 4?
0
Calculate the remainder when 157 is divided by 14.
3
What is the remainder when 1378 is divided by 21?
13
What is the remainder when 176 is divided by 88?
0
What is the remainder when 118 is divided by 35?
13
What is the remainder when 4031 is divided by 16?
15
What is the remainder when 46 is divided by 29?
17
What is the remainder when 26541 is divided by 336?
333
Calculate the remainder when 73 is divided by 9.
1
What is the remainder when 642 is divided by 266?
110
Calculate the remainder when 4396 is divided by 48.
28
Calculate the remainder when 3416 is divided by 90.
86
Calculate the remainder when 471 is divided by 156.
3
Calculate the remainder when 72 is divided by 15.
12
Calculate the remainder when 4125 is divided by 86.
83
Calculate the remainder when 1974 is divided by 29.
2
Calculate the remainder when 336 is divided by 10.
6
What is the remainder when 361 is divided by 37?
28
What is the remainder when 335 is divided by 90?
65
Calculate the remainder when 548 is divided by 534.
14
What is the remainder when 691 is divided by 222?
25
Calculate the remainder when 240 is divided by 11.
9
What is the remainder when 185 is divided by 47?
44
Calculate the remainder when 69 is divided by 36.
33
Calculate the remainder when 437 is divided by 49.
45
Calculate the remainder when 647 is divided by 27.
26
Calculate the remainder when 139 is divided by 28.
27
Calculate the remainder when 2432 is divided by 106.
100
What is the remainder when 404 is divided by 368?
36
What is the remainder when 671 is divided by 15?
11
Calculate the remainder when 539 is divided by 90.
89
Calculate the remainder when 1992 is divided by 57.
54
What is the remainder when 288 is divided by 17?
16
Calculate the remainder when 4052 is divided by 104.
100
Calculate the remainder when 863 is divided by 33.
5
Calculate the remainder when 58 is divided by 50.
8
What is the remainder when 133 is divided by 34?
31
What is the remainder when 1357 is divided by 5?
2
Calculate the remainder when 92 is divided by 11.
4
Calculate the remainder when 19 is divided by 11.
8
What is the remainder when 6473 is divided by 341?
335
What is the remainder when 448 is divided by 38?
30
What is the remainder when 620 is divided by 37?
28
Calculate the remainder when 1306 is divided by 48.
10
Calculate the remainder when 105 is divided by 105.
0
Calculate the remainder when 32 is divided by 13.
6
What is the remainder when 175 is divided by 32?
15
What is the remainder when 165 is divided by 73?
19
What is the remainder when 1784 is divided by 51?
50
Calculate the remainder when 215 is divided by 119.
96
What is the remainder when 741 is divided by 93?
90
Calculate the remainder when 225 is divided by 55.
5
Calculate the remainder when 1720 is divided by 9.
1
What is the remainder when 288 is divided by 29?
27
What is the remainder when 81 is divided by 23?
12
Calculate the remainder when 562 is divided by 271.
20
Calculate the remainder when 3551 is divided by 96.
95
Calculate the remainder when 5047 is divided by 202.
199
Calculate the remainder when 965 is divided by 319.
8
Calculate the remainder when 16347 is divided by 15.
12
What is the remainder when 891 is divided by 178?
1
What is the remainder when 1793 is divided by 50?
43
What is the remainder when 109 is divided by 38?
33
What is the remainder when 333 is divided by 17?
10
Calculate the remainder when 1117 is divided by 222.
7
What is the remainder when 465 is divided by 114?
9
Calculate the remainder when 392 is divided by 93.
20
What is the remainder when 313 is divided by 306?
7
Calculate the remainder when 73 is divided by 20.
13
Calculate the remainder when 12697 is divided by 55.
47
What is the remainder when 161 is divided by 38?
9
What is the remainder when 917 is divided by 93?
80
What is the remainder when 964 is divided by 78?
28
What is the remainder when 295 is divided by 149?
146
Calculate the remainder when 65 is divided by 23.
19
Calcula